{"id":1042,"date":"2024-02-05T14:24:34","date_gmt":"2024-02-05T14:24:34","guid":{"rendered":"https:\/\/fcpoiltechcolombia.com\/?page_id=1042"},"modified":"2025-03-03T11:32:34","modified_gmt":"2025-03-03T11:32:34","slug":"1042-2","status":"publish","type":"page","link":"https:\/\/fcpoiltechcolombia.com\/?page_id=1042","title":{"rendered":"FORTIUSPIPE"},"content":{"rendered":"\n<div style=\"height:21px\" aria-hidden=\"true\" class=\"wp-block-spacer\"><\/div>\n\n\n\n<div class=\"wp-block-columns is-layout-flex wp-container-core-columns-is-layout-9d6595d7 wp-block-columns-is-layout-flex\">\n<div class=\"wp-block-column is-layout-flow wp-block-column-is-layout-flow\" style=\"flex-basis:50%\">\n<figure class=\"wp-block-image size-full is-resized\"><img loading=\"lazy\" decoding=\"async\" width=\"4130\" height=\"1297\" src=\"https:\/\/fcpoiltechcolombia.com\/wp-content\/uploads\/2024\/02\/fortiuspipe_logo_emerald_and_silver.png\" alt=\"\" class=\"wp-image-1043\" style=\"width:198px\" srcset=\"https:\/\/fcpoiltechcolombia.com\/wp-content\/uploads\/2024\/02\/fortiuspipe_logo_emerald_and_silver.png 4130w, https:\/\/fcpoiltechcolombia.com\/wp-content\/uploads\/2024\/02\/fortiuspipe_logo_emerald_and_silver-300x94.png 300w, https:\/\/fcpoiltechcolombia.com\/wp-content\/uploads\/2024\/02\/fortiuspipe_logo_emerald_and_silver-1024x322.png 1024w, https:\/\/fcpoiltechcolombia.com\/wp-content\/uploads\/2024\/02\/fortiuspipe_logo_emerald_and_silver-768x241.png 768w, https:\/\/fcpoiltechcolombia.com\/wp-content\/uploads\/2024\/02\/fortiuspipe_logo_emerald_and_silver-1536x482.png 1536w, https:\/\/fcpoiltechcolombia.com\/wp-content\/uploads\/2024\/02\/fortiuspipe_logo_emerald_and_silver-2048x643.png 2048w\" sizes=\"auto, (max-width: 4130px) 100vw, 4130px\" \/><\/figure>\n\n\n\n<div style=\"height:16px\" aria-hidden=\"true\" class=\"wp-block-spacer\"><\/div>\n\n\n\n<p><strong>Fortiuspipe<\/strong>&nbsp;ofrece diversos productos y tecnolog\u00edas de vanguardia para satisfacer necesidades en la industria oil &amp; gas:<\/p>\n\n\n\n<p><strong>\u2713<\/strong>&nbsp;Tuber\u00eda termopl\u00e1stica de alta presi\u00f3n.<\/p>\n\n\n\n<p><strong>\u2713<\/strong>&nbsp;Tuber\u00eda compuesta reforzada.<\/p>\n\n\n\n<p><strong>\u2713<\/strong>&nbsp;Tuber\u00eda de rehabilitaci\u00f3n.<\/p>\n\n\n\n<p><strong>\u2713<\/strong>&nbsp;Remolques y carretes.<\/p>\n\n\n\n<div style=\"height:22px\" aria-hidden=\"true\" class=\"wp-block-spacer\"><\/div>\n\n\n\n<div class=\"wp-block-columns is-layout-flex wp-container-core-columns-is-layout-9d6595d7 wp-block-columns-is-layout-flex\">\n<div class=\"wp-block-column is-layout-flow wp-block-column-is-layout-flow\">\n<div class=\"wp-block-buttons is-content-justification-left is-layout-flex wp-container-core-buttons-is-layout-23b93fc6 wp-block-buttons-is-layout-flex\">\n<div class=\"wp-block-button has-custom-font-size\" style=\"font-size:10px\"><a class=\"wp-block-button__link has-white-color has-text-color has-background wp-element-button\" href=\"https:\/\/fcpoiltechcolombia.com\/wp-content\/uploads\/2025\/03\/FCP-OILTECH-SAS-OILTECHPIPE-FORTIUSPIPE-Catalogo-Comercial-V20250303.pdf\" style=\"border-radius:8px;background-color:#ff3301\"><strong>Catalogo FORTIUSPIPE<\/strong><\/a><\/div>\n<\/div>\n<\/div>\n<\/div>\n\n\n\n<div class=\"wp-block-columns is-layout-flex wp-container-core-columns-is-layout-9d6595d7 wp-block-columns-is-layout-flex\">\n<div class=\"wp-block-column is-layout-flow wp-block-column-is-layout-flow\">\n<div style=\"height:16px\" aria-hidden=\"true\" class=\"wp-block-spacer\"><\/div>\n\n\n\n<div class=\"wp-block-buttons is-content-justification-left is-layout-flex wp-container-core-buttons-is-layout-23b93fc6 wp-block-buttons-is-layout-flex\">\n<div class=\"wp-block-button has-custom-font-size\" style=\"font-size:10px\"><a class=\"wp-block-button__link has-background wp-element-button\" href=\"https:\/\/oiltechsystems.com\/\" style=\"border-radius:8px;background-color:#ff3301\"><strong>Ir a pagina web<\/strong><\/a><\/div>\n<\/div>\n<\/div>\n<\/div>\n\n\n\n<div style=\"height:10px\" aria-hidden=\"true\" class=\"wp-block-spacer\"><\/div>\n\n\n\n<div style=\"height:10px\" aria-hidden=\"true\" class=\"wp-block-spacer\"><\/div>\n<\/div>\n\n\n\n<div class=\"wp-block-column is-layout-flow wp-block-column-is-layout-flow\" style=\"flex-basis:50%\">\n<figure class=\"wp-block-image size-full is-resized\"><img loading=\"lazy\" decoding=\"async\" width=\"700\" height=\"988\" src=\"https:\/\/fcpoiltechcolombia.com\/wp-content\/uploads\/2024\/02\/oiltechpipe-picture-final.png\" alt=\"\" class=\"wp-image-1038\" style=\"width:423px;height:456px\" srcset=\"https:\/\/fcpoiltechcolombia.com\/wp-content\/uploads\/2024\/02\/oiltechpipe-picture-final.png 700w, https:\/\/fcpoiltechcolombia.com\/wp-content\/uploads\/2024\/02\/oiltechpipe-picture-final-213x300.png 213w\" sizes=\"auto, (max-width: 700px) 100vw, 700px\" \/><\/figure>\n<\/div>\n<\/div>\n\n\n\n<div style=\"height:21px\" aria-hidden=\"true\" class=\"wp-block-spacer\"><\/div>\n\n\n\n<div class=\"wp-block-columns is-layout-flex wp-container-core-columns-is-layout-9d6595d7 wp-block-columns-is-layout-flex\"><\/div>\n","protected":false},"excerpt":{"rendered":"<p>Fortiuspipe&nbsp;ofrece diversos productos y tecnolog\u00edas de vanguardia para satisfacer necesidades en la industria oil &amp; gas: \u2713&nbsp;Tuber\u00eda termopl\u00e1stica de alta presi\u00f3n. \u2713&nbsp;Tuber\u00eda compuesta reforzada. \u2713&nbsp;Tuber\u00eda<\/p>\n","protected":false},"author":1,"featured_media":0,"parent":0,"menu_order":0,"comment_status":"closed","ping_status":"closed","template":"","meta":{"footnotes":""},"class_list":["post-1042","page","type-page","status-publish","hentry"],"_links":{"self":[{"href":"https:\/\/fcpoiltechcolombia.com\/index.php?rest_route=\/wp\/v2\/pages\/1042","targetHints":{"allow":["GET"]}}],"collection":[{"href":"https:\/\/fcpoiltechcolombia.com\/index.php?rest_route=\/wp\/v2\/pages"}],"about":[{"href":"https:\/\/fcpoiltechcolombia.com\/index.php?rest_route=\/wp\/v2\/types\/page"}],"author":[{"embeddable":true,"href":"https:\/\/fcpoiltechcolombia.com\/index.php?rest_route=\/wp\/v2\/users\/1"}],"replies":[{"embeddable":true,"href":"https:\/\/fcpoiltechcolombia.com\/index.php?rest_route=%2Fwp%2Fv2%2Fcomments&post=1042"}],"version-history":[{"count":6,"href":"https:\/\/fcpoiltechcolombia.com\/index.php?rest_route=\/wp\/v2\/pages\/1042\/revisions"}],"predecessor-version":[{"id":1101,"href":"https:\/\/fcpoiltechcolombia.com\/index.php?rest_route=\/wp\/v2\/pages\/1042\/revisions\/1101"}],"wp:attachment":[{"href":"https:\/\/fcpoiltechcolombia.com\/index.php?rest_route=%2Fwp%2Fv2%2Fmedia&parent=1042"}],"curies":[{"name":"wp","href":"https:\/\/api.w.org\/{rel}","templated":true}]}}